{"id":407,"date":"2009-11-07T17:45:29","date_gmt":"2009-11-07T15:45:29","guid":{"rendered":"http:\/\/www.kunsthof-usedom.de\/?page_id=407"},"modified":"2009-11-21T11:46:56","modified_gmt":"2009-11-21T09:46:56","slug":"remscheid-amboss-projekt","status":"publish","type":"page","link":"https:\/\/www.kunsthof-usedom.de\/?page_id=407","title":{"rendered":"Remscheid-Amboss-Projekt"},"content":{"rendered":"<p>Hier werden die ersten Versuchsanordnungen des Remscheid-Amboss-Projekts gezeigt. Protokollnotiz:<\/p>\n<p>Das Projekt beginnt am Sonnabend den 7. November 2008 in der Kunstwerkstatt der Akademie Remscheid. Uhrzeit: 13.07. Die Wetterbedingungen sind schwierig, der Himmel ist grau, Regenschauer <a href=\"https:\/\/www.kunsthof-usedom.de\/wp-content\/uploads\/2009\/11\/Raketenamboss2.jpg\"><img loading=\"lazy\" decoding=\"async\" class=\"size-thumbnail wp-image-421 alignright\" title=\"Raketenamboss2\" src=\"https:\/\/www.kunsthof-usedom.de\/wp-content\/uploads\/2009\/11\/Raketenamboss2-150x150.jpg\" alt=\"Raketenamboss2\" width=\"54\" height=\"54\" \/><\/a>behindern die schwere Arbeit vor der Werkstatt der Akademie Remscheid. Eine Rakete und ein Amboss m\u00fcssen f\u00fcr einen ersten <a href=\"https:\/\/www.kunsthof-usedom.de\/wp-content\/uploads\/2009\/11\/Raketenamboss1.jpg\"><img loading=\"lazy\" decoding=\"async\" class=\"size-thumbnail wp-image-422 alignleft\" title=\"Raketenamboss1\" src=\"https:\/\/www.kunsthof-usedom.de\/wp-content\/uploads\/2009\/11\/Raketenamboss1-150x150.jpg\" alt=\"Raketenamboss1\" width=\"54\" height=\"54\" \/><\/a>\u00e4sthetischen Probelauf  zusammengebracht werden. Starkregen setzt ein, der Versuch muss abgebrochen werden, um Mensch und Material zu schonen. Eine f\u00fcr 15.00Uhr vorgesehene Information der \u00f6ffentlichen Medien muss verschoben werden.<a href=\"https:\/\/www.kunsthof-usedom.de\/wp-content\/uploads\/2009\/11\/Raketenamboss21.bmp\"> <\/a> <a href=\"https:\/\/www.kunsthof-usedom.de\/wp-content\/uploads\/2009\/11\/Raketenamboss3.jpg\"><img loading=\"lazy\" decoding=\"async\" class=\"alignright size-thumbnail wp-image-423\" title=\"Raketenamboss3\" src=\"https:\/\/www.kunsthof-usedom.de\/wp-content\/uploads\/2009\/11\/Raketenamboss3-150x150.jpg\" alt=\"Raketenamboss3\" width=\"54\" height=\"54\" \/><\/a>Nat\u00fcrlich gibt es eine Vorgeschichte. Ein wertvolles Fundst\u00fcck auf dem Blog von &#8222;Globalautist&#8220;: Ein Hinweis auf eine &#8222;sinnfreie Freizeitgestaltung&#8220;. Hier wird <a href=\"http:\/\/globalautist.wordpress.com\/2009\/10\/27\/1016\/#comments\">das explosive  Fliegen mit einem Amboss<\/a> empfohlen.<\/p>\n<p>Das Wetter erlaubt nur die Arbeit in der Werkstatt. Durch den Gebrauch des Werkstatthebekrans ist es m\u00f6glich, den Amboss in Verbindung mit einem Fahrgestell zu bringen, um mit diesem Versuch eine Pr\u00fcfung der \u00e4sthetischen Form durchzuf\u00fchren.<a href=\"https:\/\/www.kunsthof-usedom.de\/wp-content\/uploads\/2009\/11\/Ambossr\u00e4der.jpg\"><img loading=\"lazy\" decoding=\"async\" class=\"size-thumbnail wp-image-424 alignleft\" title=\"Ambossr\u00e4der\" src=\"https:\/\/www.kunsthof-usedom.de\/wp-content\/uploads\/2009\/11\/Ambossr\u00e4der-150x150.jpg\" alt=\"Ambossr\u00e4der\" width=\"54\" height=\"54\" \/><\/a> Beurteilung der Lage: Die R\u00e4der sind geeignet. <a href=\"https:\/\/www.kunsthof-usedom.de\/wp-content\/uploads\/2009\/11\/Amboss-auf-R\u00e4der.jpg\"><img loading=\"lazy\" decoding=\"async\" class=\"alignright size-thumbnail wp-image-430\" title=\"Amboss auf R\u00e4der\" src=\"https:\/\/www.kunsthof-usedom.de\/wp-content\/uploads\/2009\/11\/Amboss-auf-R\u00e4der-150x150.jpg\" alt=\"Amboss auf R\u00e4der\" width=\"54\" height=\"54\" \/><\/a>Vor einer Festlegung wird noch ein weiterer Versuch durchgef\u00fchrt, um den Anlass des Projekts einmal genau zu betrachten. Ein kurzer Film \u00fcber das Amboss schie\u00dfen als sinnfreie Freizeitgestaltung stand am Anfang. Es handelt sich dabei wohl um eine Tradition, die aus den Jahren des amerikanischen B\u00fcrgerkrieges hergeleitet wird. F\u00fcr Rekordh\u00f6hen werden besondere Ambosse verwendet, damit der Amboss besonders gerade in die Luft fliegt und nicht durch eine Trudelbewegung vorzeitig an H\u00f6he verliert. Urspr\u00fcnglich wurden aber zwei &#8222;normale&#8220;  Arbeitsger\u00e4te verwendet, die aufeinander gelegt wurden.<a href=\"https:\/\/www.kunsthof-usedom.de\/wp-content\/uploads\/2009\/11\/Ambossamkran.jpg\"><img loading=\"lazy\" decoding=\"async\" class=\"alignleft size-thumbnail wp-image-431\" title=\"Ambossamkran\" src=\"https:\/\/www.kunsthof-usedom.de\/wp-content\/uploads\/2009\/11\/Ambossamkran-150x150.jpg\" alt=\"Ambossamkran\" width=\"54\" height=\"54\" \/><\/a> Diese historische Sichtweise muss jetzt in die \u00e4sthetische Forschungsarbeit einbezogen werden. Das Wetter in Remscheid erlaubt eine Versuch unter freiem Himmel. Das kommt der Aufgabe entgegen. Es ist Sonntag, der 8. November 2008, Uhrzeit 14.45 . Die Gedanken kreisen um alle Details und es f\u00e4llt schwer, sich auf die notwendigen technischen Handgriffe zu konzentrieren. Unter amerikanischen Wettkampfbedingungen darf nicht mehr als 1 Kilogramm Schwarzpulver verwendet werden. bis 15.00Uhr sind noch sehr viele G\u00e4ste in der Akademie. Es kommt aber auch vor, dass sich Sonntagsspazierg\u00e4nger auf das Akademiegel\u00e4nde <a href=\"https:\/\/www.kunsthof-usedom.de\/wp-content\/uploads\/2009\/11\/Ambosswiegen.jpg\"><img loading=\"lazy\" decoding=\"async\" class=\"alignright size-thumbnail wp-image-438\" title=\"Ambosswiegen\" src=\"https:\/\/www.kunsthof-usedom.de\/wp-content\/uploads\/2009\/11\/Ambosswiegen-150x150.jpg\" alt=\"Ambosswiegen\" width=\"54\" height=\"54\" \/><\/a>verirren. Es fehlen aber noch sorgf\u00e4ltige Vorbereitungen. Reicht die Mengenangabe, die beim amerikanischen Wettkampf vorgesehen ist, auch f\u00fcr diese Ambossgr\u00f6\u00dfe? Das Ambosswiegen musste abgebrochen werden, da <a href=\"https:\/\/www.kunsthof-usedom.de\/wp-content\/uploads\/2009\/11\/Pulverwiegen.jpg\"><img loading=\"lazy\" decoding=\"async\" class=\"size-thumbnail wp-image-439 alignleft\" title=\"Pulverwiegen\" src=\"https:\/\/www.kunsthof-usedom.de\/wp-content\/uploads\/2009\/11\/Pulverwiegen-150x150.jpg\" alt=\"Pulverwiegen\" width=\"54\" height=\"54\" \/><\/a>der ersten \u00e4sthetischen Kontakt von Amboss und Waage folgenden Gedanken hervorbrachte: Es ist wohl vern\u00fcnftiger  das Pulver zuerst abzuwiegen.<\/p>\n<p>Es ist Montag, der 9. Nov. 2009, die Arbeit am Projekt muss unterbrochen werden. Neue Aufgaben nehmen mich in Anspruch. Ein neuer Fortbildungskurs will von meiner Werkstatt Besitz ergreifen. <a href=\"https:\/\/www.kunsthof-usedom.de\/wp-content\/uploads\/2009\/11\/Murmelamboss.jpg\"><img loading=\"lazy\" decoding=\"async\" class=\"alignright size-thumbnail wp-image-441\" title=\"Murmelamboss\" src=\"https:\/\/www.kunsthof-usedom.de\/wp-content\/uploads\/2009\/11\/Murmelamboss-150x150.jpg\" alt=\"Murmelamboss\" width=\"54\" height=\"54\" \/><\/a>Das Thema wirft mich voll aus der bisherigen Gedankenbahn: &#8222;Lernen durch Spielen und Bauen&#8220;. Und hier sind die Folgen zu sehen. Der Amboss wird in eine gro\u00dfe Murmelbahnkonstruktion eingebaut.<a href=\"https:\/\/www.kunsthof-usedom.de\/wp-content\/uploads\/2009\/11\/Murmelamboss4.jpg\"><img loading=\"lazy\" decoding=\"async\" class=\"alignleft size-thumbnail wp-image-448\" title=\"Murmelamboss4\" src=\"https:\/\/www.kunsthof-usedom.de\/wp-content\/uploads\/2009\/11\/Murmelamboss4-150x150.jpg\" alt=\"Murmelamboss4\" width=\"54\" height=\"54\" \/><\/a>Nat\u00fcrlich gleich mit dem ganzen Hebekran. Die Begeisterung alle Teilnehmer des Kurses und es f\u00fcllen sich noch weitere R\u00e4ume sowie ein Teil des <a href=\"https:\/\/www.kunsthof-usedom.de\/wp-content\/uploads\/2009\/11\/Murmelamboss2.jpg\"><img loading=\"lazy\" decoding=\"async\" class=\"alignleft size-thumbnail wp-image-443\" title=\"Murmelamboss2\" src=\"https:\/\/www.kunsthof-usedom.de\/wp-content\/uploads\/2009\/11\/Murmelamboss2-150x150.jpg\" alt=\"Murmelamboss2\" width=\"54\" height=\"54\" \/><\/a> Treppenhauses<a href=\"https:\/\/www.kunsthof-usedom.de\/wp-content\/uploads\/2009\/11\/Murmelamboss3.jpg\"><img loading=\"lazy\" decoding=\"async\" class=\"alignright size-thumbnail wp-image-444\" title=\"Murmelamboss3\" src=\"https:\/\/www.kunsthof-usedom.de\/wp-content\/uploads\/2009\/11\/Murmelamboss3-150x150.jpg\" alt=\"Murmelamboss3\" width=\"54\" height=\"54\" \/><\/a> mit Fundst\u00fccken aus der Werkstatt, die dann zu einer Murmelbahn zusammengef\u00fcgt werden. Der Amboss wird zu einem Ausgangspunkt einer raumdurchquerenden, kinetischen Materialplastik.<a href=\"https:\/\/www.kunsthof-usedom.de\/wp-content\/uploads\/2009\/11\/Murmelbahn.jpg\"><img loading=\"lazy\" decoding=\"async\" class=\"alignleft size-thumbnail wp-image-450\" title=\"Murmelbahn\" src=\"https:\/\/www.kunsthof-usedom.de\/wp-content\/uploads\/2009\/11\/Murmelbahn-150x150.jpg\" alt=\"Murmelbahn\" width=\"54\" height=\"54\" \/><\/a><a href=\"https:\/\/www.kunsthof-usedom.de\/wp-content\/uploads\/2009\/11\/Murmelbahn3.jpg\"><img loading=\"lazy\" decoding=\"async\" class=\"alignright size-thumbnail wp-image-451\" title=\"Murmelbahn3\" src=\"https:\/\/www.kunsthof-usedom.de\/wp-content\/uploads\/2009\/11\/Murmelbahn3-150x150.jpg\" alt=\"Murmelbahn3\" width=\"54\" height=\"54\" \/><\/a> Da rollt die Kugel auch schon mal klangvoll \u00fcber einige Musikinstrumente.<a href=\"https:\/\/www.kunsthof-usedom.de\/wp-content\/uploads\/2009\/11\/Murmelbahn2.jpg\"><img loading=\"lazy\" decoding=\"async\" class=\"alignright size-thumbnail wp-image-452\" title=\"Murmelbahn2\" src=\"https:\/\/www.kunsthof-usedom.de\/wp-content\/uploads\/2009\/11\/Murmelbahn2-150x150.jpg\" alt=\"Murmelbahn2\" width=\"54\" height=\"54\" \/><\/a> Und am Abend ist der Werkstattinhalt auf der Treppe stimmungsvoll beleuchtet. Nun ist der Amboss an der Krankette nicht der einzige in der Werkstatt der mit Pulver und Rakete in Bewegung versetzt werden kann!.  Bei geeignetem Flugwetter kann die Arbeit also weitergehen! Aber da muss ich feststellen, dass der Luftraum \u00fcber der Akademie Remscheid schon von einem anderen Kunstprojekt voll in Anspruch genommen wird! <a href=\"https:\/\/www.kunsthof-usedom.de\/wp-content\/uploads\/2009\/11\/Heli6.jpg\"><img loading=\"lazy\" decoding=\"async\" class=\"alignleft size-thumbnail wp-image-461\" title=\"Heli6\" src=\"https:\/\/www.kunsthof-usedom.de\/wp-content\/uploads\/2009\/11\/Heli6-150x150.jpg\" alt=\"Heli6\" width=\"54\" height=\"54\" \/><\/a>Entweder ich bin besessen von dem Thema &#8222;Fliegender Amboss&#8220; oder der Sportverein &#8222;Remscheid-Amboss&#8220; und der Remscheider Stadtf\u00f6rster haben sich zu einer richtig guten<a href=\"https:\/\/www.kunsthof-usedom.de\/wp-content\/uploads\/2009\/11\/Heli5.jpg\"><img loading=\"lazy\" decoding=\"async\" class=\"alignright size-thumbnail wp-image-460\" title=\"Heli5\" src=\"https:\/\/www.kunsthof-usedom.de\/wp-content\/uploads\/2009\/11\/Heli5-150x150.jpg\" alt=\"Heli5\" width=\"54\" height=\"54\" \/><\/a> Werbeaktion zusammengetan! Ein besonderes Ergebnis f\u00fcr die \u00e4sthetische Erforschung der Tradition des fliegenden Amboss konnte am Ende der Woche doch noch  sichergestellt werden. Es ist die Antwort auf die Frage : Wie verhalten sich  zwei Ambosse, die f\u00fcr die Sprengung vorbereitet sind zu der Landschaft, in der ein solcher Flug <a href=\"https:\/\/www.kunsthof-usedom.de\/wp-content\/uploads\/2009\/11\/symetrielandschaft.jpg\"><img loading=\"lazy\" decoding=\"async\" class=\"alignleft size-thumbnail wp-image-463\" title=\"symetrielandschaft\" src=\"https:\/\/www.kunsthof-usedom.de\/wp-content\/uploads\/2009\/11\/symetrielandschaft-150x150.jpg\" alt=\"symetrielandschaft\" width=\"90\" height=\"90\" \/><\/a>stattfinden k\u00f6nnte? Ein eindrucksvolles Fotodokument zeigt diese Situation.  Zwei Eisen vor der bergischen Landschaft Die Symetrie vor der hohen Ordnung des herbstlichen Chaos, scharf umrissen im Dunst der Novemberluft. Die zu erwartende Explosion scheint vor der Z\u00fcndung sichtbar als Energie f\u00fcr einen Symetriebruch, der einen neuen Sinn erzeugen k\u00f6nnte. Die Forschung muss auf der Insel Usedom und auf dem Kunsthof-Usedom<a href=\"https:\/\/www.kunsthof-usedom.de\/wp-content\/uploads\/2009\/11\/Ambossfahrt1.JPG\"><img loading=\"lazy\" decoding=\"async\" class=\"alignright size-thumbnail wp-image-467\" title=\"Ambossfahrt\" src=\"https:\/\/www.kunsthof-usedom.de\/wp-content\/uploads\/2009\/11\/Ambossfahrt1-150x150.jpg\" alt=\"Ambossfahrt\" width=\"54\" height=\"54\" \/><\/a> fortgesetzt werden. Es gelingt ein Dokumentarfoto. Vor der Weidelandschaft zwischen Pr\u00e4tenow und dem Haff findet die erste Raketenfahrt mit Amboss statt.<\/p>\n","protected":false},"excerpt":{"rendered":"<p>Hier werden die ersten Versuchsanordnungen des Remscheid-Amboss-Projekts gezeigt. Protokollnotiz: Das Projekt beginnt am Sonnabend den 7. November 2008 in der Kunstwerkstatt der Akademie Remscheid. Uhrzeit: 13.07. Die Wetterbedingungen sind schwierig, der Himmel ist grau, Regenschauer behindern die schwere Arbeit vor der Werkstatt der Akademie Remscheid. Eine Rakete und ein Amboss m\u00fcssen f\u00fcr einen ersten \u00e4sthetischen &hellip; <a href=\"https:\/\/www.kunsthof-usedom.de\/?page_id=407\" class=\"more-link\"><span class=\"screen-reader-text\">Remscheid-Amboss-Projekt<\/span> weiterlesen<\/a><\/p>\n","protected":false},"author":2,"featured_media":0,"parent":0,"menu_order":0,"comment_status":"closed","ping_status":"closed","template":"","meta":{"footnotes":""},"class_list":["post-407","page","type-page","status-publish","hentry"],"_links":{"self":[{"href":"https:\/\/www.kunsthof-usedom.de\/index.php?rest_route=\/wp\/v2\/pages\/407","targetHints":{"allow":["GET"]}}],"collection":[{"href":"https:\/\/www.kunsthof-usedom.de\/index.php?rest_route=\/wp\/v2\/pages"}],"about":[{"href":"https:\/\/www.kunsthof-usedom.de\/index.php?rest_route=\/wp\/v2\/types\/page"}],"author":[{"embeddable":true,"href":"https:\/\/www.kunsthof-usedom.de\/index.php?rest_route=\/wp\/v2\/users\/2"}],"replies":[{"embeddable":true,"href":"https:\/\/www.kunsthof-usedom.de\/index.php?rest_route=%2Fwp%2Fv2%2Fcomments&post=407"}],"version-history":[{"count":23,"href":"https:\/\/www.kunsthof-usedom.de\/index.php?rest_route=\/wp\/v2\/pages\/407\/revisions"}],"predecessor-version":[{"id":414,"href":"https:\/\/www.kunsthof-usedom.de\/index.php?rest_route=\/wp\/v2\/pages\/407\/revisions\/414"}],"wp:attachment":[{"href":"https:\/\/www.kunsthof-usedom.de\/index.php?rest_route=%2Fwp%2Fv2%2Fmedia&parent=407"}],"curies":[{"name":"wp","href":"https:\/\/api.w.org\/{rel}","templated":true}]}}