{"id":386,"date":"2009-10-21T22:57:15","date_gmt":"2009-10-21T20:57:15","guid":{"rendered":"http:\/\/www.kunsthof-usedom.de\/?page_id=386"},"modified":"2009-11-16T17:12:49","modified_gmt":"2009-11-16T15:12:49","slug":"der-deich-vor-der-stadt-usedom","status":"publish","type":"page","link":"https:\/\/www.kunsthof-usedom.de\/?page_id=386","title":{"rendered":"Der Deich vor der Stadt Usedom"},"content":{"rendered":"<p><a href=\"https:\/\/www.kunsthof-usedom.de\/wp-content\/uploads\/2009\/10\/am-Deich2.jpg\"><img loading=\"lazy\" decoding=\"async\" class=\"alignnone size-thumbnail wp-image-387\" title=\"am Deich2\" src=\"https:\/\/www.kunsthof-usedom.de\/wp-content\/uploads\/2009\/10\/am-Deich2-150x150.jpg\" alt=\"am Deich2\" width=\"90\" height=\"90\" \/><\/a> <a href=\"https:\/\/www.kunsthof-usedom.de\/wp-content\/uploads\/2009\/10\/am-Deich3.jpg\"><img loading=\"lazy\" decoding=\"async\" class=\"alignnone size-thumbnail wp-image-388\" title=\"am Deich3\" src=\"https:\/\/www.kunsthof-usedom.de\/wp-content\/uploads\/2009\/10\/am-Deich3-150x150.jpg\" alt=\"am Deich3\" width=\"90\" height=\"90\" \/><\/a> <a href=\"https:\/\/www.kunsthof-usedom.de\/wp-content\/uploads\/2009\/10\/Deichbruch.jpg\"><img loading=\"lazy\" decoding=\"async\" class=\"alignnone size-thumbnail wp-image-389\" title=\"Deichbruch\" src=\"https:\/\/www.kunsthof-usedom.de\/wp-content\/uploads\/2009\/10\/Deichbruch-150x150.jpg\" alt=\"Deichbruch\" width=\"90\" height=\"90\" \/><\/a> <a href=\"https:\/\/www.kunsthof-usedom.de\/wp-content\/uploads\/2009\/10\/Deichwacht.jpg\"><img loading=\"lazy\" decoding=\"async\" class=\"alignnone size-thumbnail wp-image-390\" title=\"Deichwacht\" src=\"https:\/\/www.kunsthof-usedom.de\/wp-content\/uploads\/2009\/10\/Deichwacht-150x150.jpg\" alt=\"Deichwacht\" width=\"90\" height=\"90\" \/><\/a> <a href=\"https:\/\/www.kunsthof-usedom.de\/wp-content\/uploads\/2009\/10\/K\u00fche-am-Deich.jpg\"><img loading=\"lazy\" decoding=\"async\" class=\"alignnone size-thumbnail wp-image-394\" title=\"K\u00fche am Deich\" src=\"https:\/\/www.kunsthof-usedom.de\/wp-content\/uploads\/2009\/10\/K\u00fche-am-Deich-150x150.jpg\" alt=\"K\u00fche am Deich\" width=\"90\" height=\"90\" \/><\/a> <a href=\"https:\/\/www.kunsthof-usedom.de\/wp-content\/uploads\/2009\/10\/Am-Deich4.jpg\"><img loading=\"lazy\" decoding=\"async\" class=\"alignnone size-thumbnail wp-image-397\" title=\"Am Deich4\" src=\"https:\/\/www.kunsthof-usedom.de\/wp-content\/uploads\/2009\/10\/Am-Deich4-150x150.jpg\" alt=\"Am Deich4\" width=\"90\" height=\"90\" \/><\/a><\/p>\n<p>Nun hat es ja auch einige Anfragen gegeben (besonders aus Hannover)wie es aussieht, wenn alles richtig \u00fcberschwemmt ist. Bitte sch\u00f6n, vor Usedom sind die Wiesen immer noch \u00fcberflutet und die Heuballen werden vom Wind wie weisse Bojen hin und her geschaukelt.<a href=\"https:\/\/www.kunsthof-usedom.de\/wp-content\/uploads\/2009\/10\/Flutwiese1.jpg\"><img loading=\"lazy\" decoding=\"async\" class=\"alignnone size-thumbnail wp-image-454\" title=\"Flutwiese1\" src=\"https:\/\/www.kunsthof-usedom.de\/wp-content\/uploads\/2009\/10\/Flutwiese1-150x150.jpg\" alt=\"Flutwiese1\" width=\"54\" height=\"54\" \/><\/a> <a href=\"https:\/\/www.kunsthof-usedom.de\/wp-content\/uploads\/2009\/10\/Flutwiese2.jpg\"><img loading=\"lazy\" decoding=\"async\" class=\"alignnone size-thumbnail wp-image-455\" title=\"Flutwiese2\" src=\"https:\/\/www.kunsthof-usedom.de\/wp-content\/uploads\/2009\/10\/Flutwiese2-150x150.jpg\" alt=\"Flutwiese2\" width=\"54\" height=\"54\" \/><\/a> <a href=\"https:\/\/www.kunsthof-usedom.de\/wp-content\/uploads\/2009\/10\/Flutwiese3.jpg\"><img loading=\"lazy\" decoding=\"async\" class=\"alignnone size-thumbnail wp-image-456\" title=\"Flutwiese3\" src=\"https:\/\/www.kunsthof-usedom.de\/wp-content\/uploads\/2009\/10\/Flutwiese3-150x150.jpg\" alt=\"Flutwiese3\" width=\"54\" height=\"54\" \/><\/a><\/p>\n","protected":false},"excerpt":{"rendered":"<p>Nun hat es ja auch einige Anfragen gegeben (besonders aus Hannover)wie es aussieht, wenn alles richtig \u00fcberschwemmt ist. Bitte sch\u00f6n, vor Usedom sind die Wiesen immer noch \u00fcberflutet und die Heuballen werden vom Wind wie weisse Bojen hin und her geschaukelt.<\/p>\n","protected":false},"author":2,"featured_media":0,"parent":0,"menu_order":0,"comment_status":"closed","ping_status":"closed","template":"","meta":{"footnotes":""},"class_list":["post-386","page","type-page","status-publish","hentry"],"_links":{"self":[{"href":"https:\/\/www.kunsthof-usedom.de\/index.php?rest_route=\/wp\/v2\/pages\/386","targetHints":{"allow":["GET"]}}],"collection":[{"href":"https:\/\/www.kunsthof-usedom.de\/index.php?rest_route=\/wp\/v2\/pages"}],"about":[{"href":"https:\/\/www.kunsthof-usedom.de\/index.php?rest_route=\/wp\/v2\/types\/page"}],"author":[{"embeddable":true,"href":"https:\/\/www.kunsthof-usedom.de\/index.php?rest_route=\/wp\/v2\/users\/2"}],"replies":[{"embeddable":true,"href":"https:\/\/www.kunsthof-usedom.de\/index.php?rest_route=%2Fwp%2Fv2%2Fcomments&post=386"}],"version-history":[{"count":6,"href":"https:\/\/www.kunsthof-usedom.de\/index.php?rest_route=\/wp\/v2\/pages\/386\/revisions"}],"predecessor-version":[{"id":459,"href":"https:\/\/www.kunsthof-usedom.de\/index.php?rest_route=\/wp\/v2\/pages\/386\/revisions\/459"}],"wp:attachment":[{"href":"https:\/\/www.kunsthof-usedom.de\/index.php?rest_route=%2Fwp%2Fv2%2Fmedia&parent=386"}],"curies":[{"name":"wp","href":"https:\/\/api.w.org\/{rel}","templated":true}]}}